(k) = 7*g(k) - 2*x(k). Calculate a(d).
0
Let u = -7 - -12. Suppose u*g - 4 = -14, -2*g + 4 = 4*d. Let f(a) = 3*a - 6*a + d*a. Calculate f(3).
-3
Suppose 52*r - 5 = 51*r. Let g(x) = x**3 - 5*x**2 + 2*x + 1. Determine g(r).
11
Let c(k) = 4*k - 4*k + 28 + 2*k + 2*k**2 - 29. Calculate c(1).
3
Suppose 3*r + r + 4 = 0. Let q(s) = s. Let v(h) = h**2 - 3*h. Let o(i) = r*v(i) - 3*q(i). Determine o(-2).
-4
Let k(q) = q + 1. Let z be k(3). Let x(b) = 4*b**3 - b**3 - 2*b**2 + b - z*b**3. Determine x(-2).
-2
Suppose 12 = -c + 2*j, -2*c - 2*j - 3*j + 21 = 0. Let r(a) = 6*a + 2. What is r(c)?
-10
Let k(d) = -d**3 - 8*d**2 - d - 5. Let y be k(-8). Let t(a) = -2*a**2 + 1. Let p(x) = -10*x**2 - x + 5. Let j(v) = 2*p(v) - 11*t(v). Give j(y).
11
Let b(f) = 7*f - 22. Let q be b(4). Let l(a) = 7 - a + 0*a + 0*a. Determine l(q).
1
Let u(z) = z**3 - 13*z**2 - 13*z - 8. Let o(j) = -j**3 + 14*j**2 + 14*j + 8. Let p(y) = 6*o(y) + 7*u(y). Give p(8).
0
Suppose 5*j = -0*t + t + 17, -3*t = 3*j - 3. Let y(l) = -l**3 + 2*l**2 + 3*l - 3. What is y(j)?
-3
Suppose 5*h - 7*w + 2*w - 5 = 0, -2*h + 3 = -w. Let q(j) be the first derivative of j**2 - 3*j - 1/3*j**3 + h. Determine q(3).
-6
Let d(l) = -l**3 + 2 - 60*l - 4 + 58*l + 5*l**2. Give d(4).
6
Suppose -l - 3*l - 16 = 0. Let z = 5 + l. Let r(k) = 2*k**3 + k**2 - k + 1. What is r(z)?
3
Suppose -1 = 2*r - 3*r. Let q(u) = -u + u**2 - r + 1 + 2. What is q(0)?
2
Suppose -3*k - 5 = -2*k + 2*x, -2*k + 3*x = -18. Let r(s) be the third derivative of s**4/12 - s**3/2 + s**2. Determine r(k).
3
Suppose 2*r - k - 2 + 3 = 0, -3*k = -r + 7. Let x(o) be the first derivative of o + 0*o**2 - 2 - 2/3*o**3. Give x(r).
-7
Let z(m) = 2*m + 3*m**2 + 4 + m**3 - 4*m**2 - 3*m. Let q = 75 + -53. Suppose q*y = 17*y. What is z(y)?
4
Let k(w) be the second derivative of -w**6/360 - w**5/24 - w**4/12 - w**3/2 + w. Let n(p) be the second derivative of k(p). Suppose 15 = -4*j + 7. What is n(j)?
4
Let r(o) = -2*o**2 - 5*o + 4. Let b(v) = -v**2 - 3*v + 2. Let a(t) = -9*b(t) + 4*r(t). Calculate a(-7).
-2
Let f(l) = l + 15. Let g(b) = -4*b + 1. Let k be g(2). What is f(k)?
8
Let f(m) = 3*m**2. Suppose z = -0*z + 2. Let v(p) be the first derivative of -p**3/3 - p**2/2 + p + 3. Let y(n) = z*v(n) + f(n). What is y(2)?
2
Let w(x) = -x - 1. Let o(k) be the second derivative of -5*k**3/6 - 4*k**2 - k. Let d(y) = o(y) - 3*w(y). Let f be -6 + 3 - (2 + 0). Give d(f).
5
Let y(l) = 7*l + l - 6*l - 5*l. Calculate y(2).
-6
Let m(a) be the third derivative of 0*a**3 - 1/24*a**4 - 2*a**2 + 0*a**5 + 0*a + 1/720*a**6 + 0. Let t(s) be the second derivative of m(s). Give t(2).
2
Let u(r) = r**2. Let p(b) = -3*b**2 - 8*b + 7. Let x(v) = p(v) + 2*u(v). What is x(-8)?
7
Let a(p) = -p + 8. Let h(v) = -v**3 - v**2 + 11. Let l be h(0). Let w = 18 - l. Determine a(w).
1
Let y(c) = -26 + 12 + c**2 - 3*c + 13. Give y(3).
-1
Let y be (-1)/1 + 4 + -1 + 0. Let p(d) = -2*d + 1. Calculate p(y).
-3
Let b = -9 - -12. Let a = -1 + b. Let q(y) = y**3 - 4*y**2 + 2*y - 2. Give q(a).
-6
Let x(i) = -7 + 3 + 2 + 1. Let v(o) = -3. Let p(l) = -v(l) + 2*x(l). Let j(y) = -6*y + 6. Let h(g) = -j(g) + 6*p(g). Determine h(1).
6
Let b(h) = 3*h**2 + 3*h + 1. Let u = -43 + 41. Give b(u).
7
Let v = -6 - -9. Let d be v - ((-2)/1 + 3). Let n(b) = 2*b - 2. Calculate n(d).
2
Let v = -42 + 34. Let n(s) = s**3 + 9*s**2 + 9*s + 2. Determine n(v).
-6
Let m(l) = l**3 + 19*l**2 - 2*l - 43. Let a be m(-19). Let x(h) = -h**3 - 5*h**2 + h. Determine x(a).
-5
Let w be 9/6*8/6. Let l(f) be the first derivative of -f**4/4 + f**3 + f**2/2 + 2. Give l(w).
6
Let n(x) = -x + 0*x + 30 - 44. Calculate n(-10).
-4
Let i = -1 - -1. Let h(u) be the third derivative of u**4/24 - 5*u**3/3 - 5*u**2. Give h(i).
-10
Let p(g) = 5*g**2 - g + 7. Let b(i) = 4*i**2 - 2*i + 6. Let n(v) = 6*b(v) - 5*p(v). Give n(-6).
7
Suppose 2*v = -3*v - 10. Let y(b) = 48*b + 48. Let s(j) = -3*j - 3. Let q(a) = 33*s(a) + 2*y(a). What is q(v)?
3
Let z(h) = h - 3. Let r(s) = s**2 - 5*s - 9. Let d be 1/((-8)/(-7) - 1). Let j be r(d). Determine z(j).
2
Let j(u) = -14*u + 11. Let z(p) = 9*p - 7. Let q(c) = -5*j(c) - 8*z(c). Let b(d) = -d. Let r(s) = 3*b(s) - q(s). Let l be ((-6)/4)/(1/2). Give r(l).
2
Suppose 2 = -3*u + 20. Let o(q) = q**2 - 7*q. Determine o(u).
-6
Let w(b) = 8*b + 2. Let k(o) = o**3 + 7*o**2 + 11*o + 32. Let p be k(-6). Give w(p).
18
Let v(k) be the second derivative of -k**4/12 + 7*k**3/6 + k**2 + 57*k. Determine v(7).
2
Let a(o) be the second derivative of 2*o**2 + 0 - 1/6*o**3 - 2*o. What is a(7)?
-3
Let m(t) = -4 + 3 + 0 - 5 - 2*t. What is m(-5)?
4
Let n(o) = -o**3 - 6*o**2 - o - 5. Let g be ((-8)/(-5))/(4/10). Suppose 4*k + 36 = -g*j, j + 3*j = -12. What is n(k)?
1
Let s(n) = n - 8. Let f(j) = 2*j - 8. Let z be f(11). Let y be 8/36 + z/18. Let w = y + 5. Calculate s(w).
-2
Suppose -6 = 5*x - i, -2*x = 3*x + 3*i + 2. Let r(g) = 2*g**2. What is r(x)?
2
Suppose 6 = 4*r - r. Let a(n) be the second derivative of 0 - 1/3*n**3 + 2*n - n**r. What is a(2)?
-6
Let m(y) = y**3 + 5*y**2 - 3. Suppose 0 = t + 4. Let q be t/(-3)*15/1. Suppose -4*n + q = -8*n. Determine m(n).
-3
Let q(w) be the first derivative of -1 + 2 + 0 + 6*w + w**2. Let u = -7 + 2. Give q(u).
-4
Let f(h) = -h**2 + 7. Let g = -10 - -14. Suppose 3*y - 15 = -3*s, 2*s + g*y = s + 20. What is f(s)?
7
Suppose 0 = -0*x - 4*x + 28. Let l(j) = x*j**3 - 2*j**2 - j - 1 - 4 - 6*j**3 + 2. What is l(3)?
3
Let j = 7 - 5. Suppose -j*k - 3 = k. Let x(w) = -5*w - 1. Determine x(k).
4
Let a(s) = -s - 7. Let c(p) = 2*p + 14. Let q(t) = 7*a(t) + 3*c(t). Let j be (-78)/(-24) - 1/4. Suppose -h + j*h = -10. Calculate q(h).
-2
Let z(r) be the first derivative of r - 1/4*r**4 - 1 - 4/3*r**3 + r**2. Suppose -t = -2*m - 4*t + 4, 32 = -5*m + 3*t. Give z(m).
-7
Let k(u) be the third derivative of -u**6/120 + u**5/15 - 5*u**4/24 + u**3/3 + u**2 + 3. What is k(3)?
-4
Let x = -8 + 3. Let o be (-6)/(-4)*24/(-9). Let j = x - o. Let t(h) = 3*h**3 - h**2 + h + 1. Determine t(j).
-4
Let x(v) = v**2 + 7*v + 5. Suppose 3*s - 4 = 4*s. Determine x(s).
-7
Suppose 20 = 11*p - 7*p. Let q(r) = r**2 - 4*r. Calculate q(p).
5
Suppose -4*c - 3*o - 7 = 0, c - 3*o = 6*c + 5. Let p = 71 - 71. Suppose z + c - 4 = p. Let r(i) = i**3 + 2*i**2 - 3*i. Determine r(z).
10
Let h(m) = 2*m + 2. Let a be (-2)/(-5) + 207/45. Let z be (-1 + 0)/((-1)/a). Suppose w - 1 = -2*f, -2*w = z*f - w + 5. Give h(f).
-2
Let i be -4*3/(-15)*5. Let d(n) = 14*n**2 - 2 - n**3 - 20*n**2 + i + 0. Give d(-6).
2
Let v(n) = -n**2 + 4*n + 4. Let b be (-76)/(-6) - 1/(-3). Let g = b - 8. Determine v(g).
-1
Suppose 12*x - 10 + 70 = 0. Let w(z) = 2*z - 7. Calculate w(x).
-17
Let f(l) = -l**2 + 3*l + 1. Let b(a) = -a**3 - 2*a**2 - 2*a. Let s(c) = -c**3 - 3*c**2 - 2*c. Let t be s(-2). Let g = -2 + t. Let y be b(g). Calculate f(y).
-3
Let f(r) = -r**2 - 9*r + 8. Let o(l) = 2*l**2 + 17*l - 15. Let x(p) = 11*f(p) + 6*o(p). What is x(-4)?
2
Let o = 1 + -2. Let v(x) = x**3 - 6*x**2 - 1. Let i(f) = f**3 + 2*f**2 - f. Let a(w) = -2*i(w) - v(w). What is a(o)?
4
Suppose 3*u + 15 = 3*i, 7*u - 4 = 3*u - 4*i. Let k(l) = -10*l - 5*l + 12*l. Determine k(u).
6
Suppose -5*h - 6 = -2*g + 7, 4 = -4*h. Let z(k) = k**3 - 5*k**2 + 4*k. Calculate z(g).
0
Let w = 13 + -19. Let h be (-2 + 4)/4*w. Let d(n) = -n**3 - 3*n**2 + 2. Give d(h).
2
Let n(l) = 5*l**2 + 2*l - 1. Let x(a) = a**2 - 2*a - 7. Let w be x(-2). Give n(w).
6
Let y = -19 + 19. Let d(g) = -g**3 + g**2 - 7. Give d(y).
-7
Let y be (-5)/(-2)*144/90. Let w(t) = -t**3 + 3*t**2 + 4*t - 1. Calculate w(y).
-1
Let f(c) = -2*c**2 + 4*c + 1. Let b(d) = 2*d**2 - 4*d - 1. Let i(x) = 4*b(x) + 5*f(x). Let n be i(3). Let j(m) = -m**3 - 5*m**2 - m - 4. Calculate j(n).
1
Let s(l) = 13*l - 3*l**3 + 3 + 17*l**3 - 9*l**3 - 8*l**2 - 6*l**3. Give s(-9).
-33
Suppose k = -2*k + 90. Suppose -q + 3*u = 4*q - 50, -3*q - 4*u = -k. Let n(r) = r**3 + r - q*r**3 + 0*r. Calculate n(-1).
8
Suppose 9*k - 2*a - 2 = 11*k, -3*a + 9 = k. Let b(u) = -u**2 + 3 - 6*u + 1 + 1. Determine b(k).
5
Let b(u) = -3*u + 29 - 28 + 5*u**3 + 4*u. What is b(-1)?
-5
Let v(m) = 2*m**3 - m**2 - 4*m + 1. Let s be v(2). Let i(g) = g**3 - 4*g**2 - 4*g + 5. Determine i(s).
10
Let l(s) be the first derivative of s**3/6 + 3*s**2/2 - 2*s - 2. Let p(u) be the first derivative of l(u). Determine p(0).
3
Supp